b(p) = 11*p**3 - p**2 - p + 1. Calculate the remainder when 37 is divided by b(1).
7
Suppose 0*i = -i + 1. Calculate the remainder when 24 is divided by (-13)/((3 + -4)*i).
11
Let q(p) = 18*p - 7. Calculate the remainder when q(3) is divided by 12.
11
Let r(z) = z**3 - 7*z**2 - 3*z - 28. Calculate the remainder when 58 is divided by r(8).
10
Suppose 14*s - 79 - 47 = 0. What is the remainder when 62 is divided by s?
8
Calculate the remainder when 11 is divided by 128/22 - 8/(-44).
5
Let a(i) = 3*i**2 - 8*i + 10. What is the remainder when 47 is divided by a(4)?
21
Let q(c) = 21*c - 1. Suppose -3*j = 2*j, 5*v - 4*j = 5. What is the remainder when q(v) is divided by 11?
9
Suppose m - 13 = 4*l, -4*l - 8 = -2*m + 10. Let f = 1 + 0. Calculate the remainder when (f/(-1))/(l/14) is divided by 4.
3
Suppose -3*v - 4*m = -0*m - 26, 0 = -v - 4*m + 14. Suppose 3*r = -v - 9. Let w = r + 31. Calculate the remainder when w is divided by 7.
5
Suppose -4*l - 4 = -16. Suppose 5*x - 3*u = 50, u + u + 30 = l*x. Suppose 2*c = 5 + 7. Calculate the remainder when x is divided by c.
4
Let z = 46 + -28. What is the remainder when z is divided by 5?
3
Suppose 5*t = 4*x + x + 120, 3*t - 56 = -x. Calculate the remainder when 138 is divided by t.
18
Let v(m) = m**3 + 6*m**2 - m - 1. Suppose 0 = 5*c - 20, -3*f + 2*c = -c + 30. Let a be v(f). Suppose o - a = 4. Calculate the remainder when 26 is divided by o.
8
Suppose t = 2*t - 8. Suppose 0 = -11*z + t*z + 183. What is the remainder when z is divided by 16?
13
Let b(j) be the first derivative of j**2 + 2*j + 6. Let x = 9 + -4. Calculate the remainder when b(x) is divided by 5.
2
Let w = -8 + 10. Calculate the remainder when 7 is divided by 3 - (-3)/(-1 - w).
1
Suppose 5 = s - 2. Let u(i) = 2*i + 2. Let x be u(s). Suppose -5*k = 6 - x. Calculate the remainder when 3 is divided by k.
1
Suppose -4*n + 120 = -4*r, -r = -n - 2*r + 32. What is the remainder when 119 is divided by n?
26
Let a(h) = h**2 - 5. Suppose 0 = -3*t + 6*t - 12. What is the remainder when 42 is divided by a(t)?
9
Let g(i) = i**2 + i - 1. Let k(h) = -4*h**2 + h + 3. Let s(l) = -g(l) - k(l). Let r = 6 - 3. What is the remainder when s(r) is divided by 10?
9
Suppose -22 = 5*u - 3*n - n, 5*n - 21 = 3*u. Let b = 51 - u. Let a = -7 - -25. Calculate the remainder when b is divided by a.
17
Let m(b) = b + 3. Suppose 5*s - 3*h - 5 = 0, 0*s - 2*h = 2*s - 18. Let r be (16/(-10))/(s/(-10)). Calculate the remainder when 19 is divided by m(r).
5
Let q(h) = -h + 4. Let i = 15 + -3. Calculate the remainder when i is divided by q(-3).
5
Suppose 0*k - 4*k = 44. Let j(h) = 25*h**2 + h - 16. Let a(v) = -5*v**2 + 3. Let o(z) = k*a(z) - 2*j(z). What is the remainder when o(-1) is divided by 4?
2
Let s = -21 - -58. Calculate the remainder when 71 is divided by s.
34
Let v be (-8)/2 - -2 - 24. Let q = -18 - v. Calculate the remainder when q is divided by 5.
3
Suppose 3*p = -p - 100. Let s = 50 + p. Suppose 40 = 5*c - 5. Calculate the remainder when s is divided by c.
7
Suppose 0 = -3*d, 3*j + 3*d - 78 = -0*d. Let u(t) = 7*t + 80. Calculate the remainder when u(3) is divided by j.
23
What is the remainder when 101 is divided by 12/10*315/14 - 1?
23
Let u(r) be the third derivative of 0*r - 1/120*r**6 - 1/60*r**5 + 1/24*r**4 + 2*r**2 + 25/6*r**3 + 0. What is the remainder when u(0) is divided by 9?
7
Suppose -3*y = 2*g - 67, 3*g - 4*y + 18 = 76. Suppose -t - t + g = 0. What is the remainder when (-9)/6*(-152)/6 is divided by t?
12
Suppose -5*f = 2*f - 1239. Calculate the remainder when f is divided by 30.
27
Let f = -110 + 124. Calculate the remainder when 83 is divided by f.
13
Let u be 5 - (3 - (2 - 2)). Suppose 48 = -u*v + 120. Let t = -22 + v. What is the remainder when 39 is divided by t?
11
Let p = -6 - -9. Suppose -2*n + 11 + p = 0. Let k = -39 + 58. What is the remainder when k is divided by n?
5
Suppose -2*n - 8 = -4*n. Suppose -n*v = 364 + 176. What is the remainder when 45 is divided by 1/(2 + v/69)?
22
Suppose 4*h + 0*g - 2*g - 82 = 0, 4*g = h - 38. Let q(d) = 8*d - 6. Let r be (-18)/(-4) - (-8)/16. What is the remainder when q(r) is divided by h?
16
Let q(j) = 16*j + 3. Let s(w) = -11*w - 2. Let o(p) = -5*q(p) - 8*s(p). Calculate the remainder when ((-1)/(-3) + 1)*24 is divided by o(2).
15
Let u be ((-38)/(-3))/((-4)/42). Let j be (-372)/9*(-3)/(-2). Let h = j - u. Calculate the remainder when h is divided by 24.
23
Suppose c = 0, 0 = -4*b + 3*c + 16 - 68. Let l = b - -25. Let f = l + -4. Calculate the remainder when f is divided by 3.
2
Suppose q + 4*w - 96 = -3*q, q - 4*w = 49. Suppose -3*f + 89 = 23. Suppose 4*h = 18 + f. Calculate the remainder when q is divided by h.
9
Suppose 3*h - 33 = 2*h. Calculate the remainder when h is divided by -14*-1*1/2.
5
Calculate the remainder when (-3 + (-28)/7)/((-2)/38) is divided by 20.
13
Suppose -73 = -5*a + 4*v + 135, -9 = -3*v. What is the remainder when 129 is divided by a?
41
Let b(q) = q**3 + 12*q**2 + 4*q + 15. Let w be b(-11). Suppose -w = -4*u + 4. What is the remainder when 47 is divided by u?
23
Suppose 6*w + 66 = -n + 3*w, n + 41 = 2*w. Let d = n - -126. Suppose 7*t - 2*t = d. Calculate the remainder when 42 is divided by t.
12
Suppose -5*o - 4*t + 17 = 0, -o = -2*o - 3*t - 1. Calculate the remainder when o is divided by 10/(-35) - (-23)/7.
2
Let x = -177 - -338. Let d = x - 115. Let k = -3 - -15. Calculate the remainder when d is divided by k.
10
Let o(f) = -27*f + 2. Calculate the remainder when 201 is divided by o(-1).
27
Suppose 2*u - 2*p + 26 = -3*p, p = 5*u + 72. Let f = u + 20. What is the remainder when 15 is divided by f?
3
Let b(z) = 8*z - 32. Calculate the remainder when 42 is divided by b(7).
18
Let m be 1/3 + (-4)/(-6). Let q be m/(((-3)/2)/(-3)). Suppose 2*x - 21 = 3*g, -x - 5*g - 21 = -q*x. What is the remainder when 10 is divided by x?
4
Let l = 121 + -84. What is the remainder when l is divided by 10?
7
Let t(c) = 27*c**2 - 2*c - 1. What is the remainder when 109 is divided by t(-1)?
25
What is the remainder when (-4)/14 + 920/35 is divided by 14?
12
Suppose -12 = 3*w - 39. Calculate the remainder when 22 is divided by w.
4
Let p(l) = 61*l**2 + 2*l + 3. What is the remainder when p(-1) is divided by 16?
14
Suppose -2*v + 0 = -6. Suppose -m - 5*q + 25 = 0, 2*q + 15 = 5*m + 5*q. Suppose -3*t = -5*t, -3*r + 3*t + v = m. What is the remainder when 1 is divided by r?
0
Let u(n) = n**3 - 11*n**2 - 11*n - 9. Let r be u(12). Suppose m - 169 = -r*p + 2*m, 3*p - 5*m = 161. Calculate the remainder when p is divided by 15.
12
Let v(t) = t**3 - 6*t**2 - 6*t - 1. Suppose 0 = -2*x + 6, 4*k - 30 = 5*x - 3*x. What is the remainder when k is divided by v(7)?
3
Suppose w - 120 = -5*j, -2*w + 48 = -2*j + 4*j. What is the remainder when (-57)/(-4) - 6/j is divided by 3?
2
Let j = 146 + -144. Calculate the remainder when 10 is divided by j.
0
Let f(g) = -1 + g - 3*g + 4*g. Let y = 364 + -359. Calculate the remainder when y is divided by f(2).
2
Let l(j) = -19*j - 13. Calculate the remainder when l(-2) is divided by 15.
10
Suppose l = 11 + 14. Let w be 0 - (-34)/(0 - -2). Let a = l - w. Calculate the remainder when 23 is divided by a.
7
Suppose 2*j - 62 = i - 4*i, -5*i + 2*j + 130 = 0. What is the remainder when 47 is divided by i?
23
Suppose 1 = 3*q - 3*b - 20, -34 = -4*q + b. What is the remainder when q is divided by 6?
3
Let k(q) = -q**3 - 14*q**2 - 9*q - 21. What is the remainder when k(-14) is divided by 27?
24
Let a = -23 + 52. Suppose 5*w = w + 64. Calculate the remainder when a is divided by w.
13
Let u = 107 - 57. Calculate the remainder when u is divided by 9.
5
Suppose -3*a - 6 = -120. Let f = 63 - a. What is the remainder when 98 is divided by f?
23
Let t be (-1 - (-4 + 3)) + 3. Suppose 4*w + 20 = 0, -121 = -t*g + 2*w - 42. Suppose -3*n + 14 + 22 = 0. What is the remainder when g is divided by n?
11
Suppose -n + 40 = -5*n. Let j(r) = -r**3 - 11*r**2 - 9*r + 14. Calculate the remainder when j(n) is divided by 2.
0
Suppose -462 = -12*y + 6*y. Calculate the remainder when y is divided by 13.
12
Let c be 0 + (4*2)/2. Suppose -c*o = -o - 12. Suppose 1 + 30 = o*q - 3*u, 3*q - u = 27. Calculate the remainder when q is divided by 6.
4
Suppose 3 + 2 = 5*q. Suppose o = 4*x - 9*x + q, 2*x - 34 = -2*o. Suppose -2*j + 